{"id":494,"date":"2021-08-19T12:19:42","date_gmt":"2021-08-19T10:19:42","guid":{"rendered":"https:\/\/cori.martinc.cz\/?page_id=494"},"modified":"2021-08-19T12:28:19","modified_gmt":"2021-08-19T10:28:19","slug":"navstivena-mista","status":"publish","type":"page","link":"https:\/\/cori.martinc.cz\/index.php\/navstivena-mista\/","title":{"rendered":"Nav\u0161t\u00edven\u00e1 m\u00edsta"},"content":{"rendered":"\n<p>P\u0159ehled st\u00e1t\u016f a m\u00edst, kter\u00e1 Cori nav\u0161t\u00edvila.<\/p>\n\n\n<div class=\"map_wrapper\" id=\"map_wrapper_493\">\n<div class=\"map_box\" style=\"max-width:2000px\">\n<div class=\"map_aspect_ratio\" style=\"padding-top:56%\" data-padding-top=\"56%\" data-padding-top-mobile=\"\">\n<div class=\"map_container\">\n<div class=\"map_render map_loading\" id=\"map_493\"><\/div>\n<\/div>\n<\/div>\n<\/div>\n<\/div>\n","protected":false},"excerpt":{"rendered":"<p class=\"qua-blog-post-description\">P\u0159ehled st\u00e1t\u016f a m\u00edst, kter\u00e1 Cori nav\u0161t\u00edvila.<\/p>\n","protected":false},"author":1,"featured_media":0,"parent":0,"menu_order":0,"comment_status":"closed","ping_status":"closed","template":"full-width.php","meta":{"ngg_post_thumbnail":0,"footnotes":""},"class_list":["post-494","page","type-page","status-publish","hentry"],"jetpack_sharing_enabled":true,"_links":{"self":[{"href":"https:\/\/cori.martinc.cz\/index.php\/wp-json\/wp\/v2\/pages\/494","targetHints":{"allow":["GET"]}}],"collection":[{"href":"https:\/\/cori.martinc.cz\/index.php\/wp-json\/wp\/v2\/pages"}],"about":[{"href":"https:\/\/cori.martinc.cz\/index.php\/wp-json\/wp\/v2\/types\/page"}],"author":[{"embeddable":true,"href":"https:\/\/cori.martinc.cz\/index.php\/wp-json\/wp\/v2\/users\/1"}],"replies":[{"embeddable":true,"href":"https:\/\/cori.martinc.cz\/index.php\/wp-json\/wp\/v2\/comments?post=494"}],"version-history":[{"count":3,"href":"https:\/\/cori.martinc.cz\/index.php\/wp-json\/wp\/v2\/pages\/494\/revisions"}],"predecessor-version":[{"id":498,"href":"https:\/\/cori.martinc.cz\/index.php\/wp-json\/wp\/v2\/pages\/494\/revisions\/498"}],"wp:attachment":[{"href":"https:\/\/cori.martinc.cz\/index.php\/wp-json\/wp\/v2\/media?parent=494"}],"curies":[{"name":"wp","href":"https:\/\/api.w.org\/{rel}","templated":true}]}}